
-12020110221
-454471 (base 10) to base 14
-bb8a3
Convert 64226 (base 8) to base 14.
9a86
-1c4bb5 (base 13) to base 10
-724820
Convert -1141448 (base 12) to base 10.
-3320120
What is 140200 (base 10) in base 4?
202032220
What is -a15443 (base 12) in base 2?
-1001100110110100110011
What is -313064 (base 9) in base 11?
-117789
What is -5a439 (base 12) in base 2?
-11101101011101101
20130221 (base 4) to base 5
2101401
Convert -1120222231 (base 4) to base 7.
-3041560
-1ade2 (base 16) to base 9
-176857
-1100100100001011 (base 2) to base 8
-144413
93a476 (base 13) to base 5
1340400223
What is 248e63 (base 15) in base 4?
12223213011
What is -202021002 (base 4) in base 12?
-68b16
What is -4143287 (base 10) in base 16?
-3f38b7
-2e6c37 (base 16) to base 11
-1798851
-326941 (base 11) to base 5
-113142210
What is -195b8 (base 16) in base 10?
-103864
-10322013041 (base 5) to base 8
-52342405
Convert -b5885 (base 14) to base 2.
-1101010111011011101
8093a74 (base 11) to base 9
28830000
-2816230 (base 9) to base 2
-101111001100010011110
What is aaa23b (base 14) in base 2?
10110000101101001001101
What is -6269593 (base 10) in base 4?
-113322222121
Convert -196921 (base 10) to base 12.
-95b61
What is 7d3abc (base 14) in base 16?
413966
131455532 (base 6) to base 5
1131324234
-3465118 (base 9) to base 5
-434424003
Convert 55683 (base 12) to base 14.
2d3d9
What is 3102203 (base 6) in base 10?
148251
Convert -1621261 (base 11) to base 5.
-1202100124
4983111 (base 10) to base 5
2233424421
Convert 5c922 (base 13) to base 15.
358b3
135612 (base 8) to base 10
48010
Convert -335542 (base 10) to base 12.
-14221a
Convert 212301211 (base 4) to base 15.
320d1
Convert 426a154 (base 11) to base 9.
15115311
-1001011 (base 5) to base 4
-3312030
What is -237806 (base 11) in base 7?
-3125063
201123022221 (base 4) to base 7
134322156
What is -131893 (base 10) in base 7?
-1056346
-6614043 (base 7) to base 9
-1464760
What is 10221111022 (base 3) in base 15?
18008
What is 2650191 (base 12) in base 14?
10104b3
What is 12695 (base 10) in base 2?
11000110010111
What is -c26a7 (base 14) in base 9?
-782631
Convert 3003123213 (base 4) to base 10.
800487
7a6070 (base 12) to base 2
111011110011011010100
Convert -464a9 (base 11) to base 15.
-14d6d
Convert -2112201002 (base 3) to base 14.
-14379
Convert -1140aa (base 16) to base 14.
-21609c
Convert 415431115 (base 6) to base 12.
252549b
-10210210202112 (base 3) to base 2
-111101110000001101001
-120444233 (base 5) to base 10
-562443
310d (base 16) to base 8
30415
20032004 (base 5) to base 3
22001020220
Convert -2101001202011 (base 3) to base 12.
-5098a1
Convert 7aa862 (base 11) to base 4.
10322132301
-1113 (base 13) to base 12
-1466
Convert -15306460 (base 7) to base 15.
-1dddda
-10213123220 (base 4) to base 9
-2243832
What is -145a2a (base 13) in base 15?
-9c968
1230434 (base 5) to base 8
56475
-47c5d (base 14) to base 6
-3431335
-23124142 (base 6) to base 10
-711134
Convert -1222011120212 (base 3) to base 14.
-1d3571
What is 1134261 (base 7) in base 14?
3a268
What is 95895 (base 11) in base 9?
232315
What is -125145505 (base 6) in base 5?
-1114040433
Convert 221103323 (base 4) to base 15.
3520b
Convert -27d664 (base 14) to base 10.
-1381496
Convert 179097 (base 10) to base 3.
100002200020
What is 19e65d (base 15) in base 6?
43030224
Convert 21435 (base 6) to base 3.
11002012
Convert -a4760 (base 12) to base 8.
-644470
Convert -dea3 (base 16) to base 14.
-16ab1
10413000 (base 5) to base 4
112113221
Convert 82a0 (base 11) to base 2.
10101011111000
Convert -28218 (base 12) to base 9.
-84242
-196662 (base 12) to base 9
-750752
What is -2868a (base 11) in base 4?
-21330302
-29aa7 (base 16) to base 3
-22200002212
What is -16789a (base 13) in base 14?
-107c97
Convert -10000001110100101010000 (base 2) to base 4.
-100032211100
What is -3a7db4 (base 16) in base 13?
-a42a0a
a5d59 (base 15) to base 6
15135450
Convert 212001001122010 (base 3) to base 9.
25031563
23054231 (base 6) to base 10
707275
What is -33340 (base 7) in base 4?
-2003113
31431a (base 11) to base 7
4164636
Convert 866a61 (base 11) to base 16.
15242d
Convert -1155996 (base 10) to base 11.
-71a576
Convert 9a6475 (base 11) to base 9.
3014760
Convert -313010012 (base 4) to base 8.
-670406
-104d8 (base 15) to base 13
-1a711
-3383118 (base 9) to base 16
-1bddc3
-dd28b (base 16) to base 11
-569656
What is 23123222120 (base 4) in base 14?
580236
-13405524 (base 6) to base 8
-1563274
What is -221241433 (base 7) in base 15?
-128707d
Convert 3bac4 (base 13) to base 2.
11011010001010100
What is -5e9775 (base 16) in base 7?
-103456226
What is -1001011111010110001011 (base 2) in base 5?
-1114101231
-24103443 (base 5) to base 10
-222373
What is -10101001101100100010100 (base 2) in base 7?
-65156436
2025a (base 15) to base 2
11000110110011001
Convert -518808 (base 16) to base 8.
-24304010
Convert -363814 (base 9) to base 11.
-13a89a
Convert -7e41d (base 15) to base 8.
-1422171
Convert 12120201020 (base 3) to base 5.
12003434
Convert 11782 (base 11) to base 12.
9951
-2993b68 (base 12) to base 9
-16730348
Convert 18cb8 (base 13) to base 12.
23b64
What is -62121140 (base 7) in base 3?
-100210010010012
-1032321 (base 6) to base 2
-1100011110011001
4525351 (base 7) to base 8
2110263
Convert -1b09a (base 14) to base 15.
-15576
Convert -20202101212 (base 3) to base 11.
-909a3
-22321300 (base 6) to base 2
-10100101111000000100
Convert -cb628 (base 13) to base 4.
-1121311023
5c04 (base 14) to base 11
11095
Convert 3341405 (base 8) to base 3.
1200211011110
2378728 (base 10) to base 9
4425001
9566b2 (base 13) to base 14
6710d1
Convert 2602265 (base 7) to base 16.
5244b
10000110101110000101 (base 2) to base 13
164222
404030 (base 5) to base 4
3023113
What is 4950061 (base 10) in base 15?
67ba41
Convert 2692357 (base 11) to base 7.
54322121
26770251 (base 8) to base 2
10110111111000010101001
4100500 (base 6) to base 5
22211310
-76162504 (base 8) to base 13
-34c1660
Convert 82584 (base 9) to base 11.
3798a
Convert -2acad (base 16) to base 6.
-3431245
-7b4123 (base 12) to base 7
-22542600
326032 (base 9) to base 8
574160
What is dd494 (base 15) in base 16?
aba3f
What is -3311c (base 14) in base 2?
-11110001100110110
What is 522420 (base 8) in base 3?
22210202120
-30034222 (base 5) to base 13
-83a34
What is 8a99a (base 14) in base 2?
1010010001100011100
What is 32321314 (base 5) in base 7?
2231001
Convert 6071452 (base 9) to base 11.
1910011
Convert -12226042 (base 7) to base 9.
-2055014
111447 (base 9) to base 6
1232454
-1227024 (base 8) to base 9
-566605
-110101111100111010 (base 2) to base 11
-141037
32321002202 (base 4) to base 16
3b90a2
What is -871475 (base 9) in base 7?
-4262255
Convert c3b1 (base 13) to base 2.
110100110000111
-573221 (base 11) to base 6
-31314120
Convert 101111010110110011111 (base 2) to base 11.
96a965
What is 140a27 (base 11) in base 6?
4422250
Convert 42413515 (base 7) to base 4.
31233000001
Convert -200931 (base 13) to base 12.
-2ba783
What is 202321312 (base 4) in base 12?
6a89a
Convert -20db0 (base 14) to base 10.
-79534
Convert -1011001010110111 (base 2) to base 8.
-131267
Convert -21dfd (base 16) to base 8.
-416775
What is -10244332 (base 6) in base 10?
-301664
-2210010220011 (base 3) to base 7
-15400066
268610 (base 9) to base 6
3302143
Convert 3000320031 (base 4) to base 6.
24533313
What is 37965 (base 11) in base 4?
31102000
1ad41e (base 16) to base 4
12231100132
What is 111001110000001110 (base 2) in base 16?
39c0e
What is 350224 (base 7) in base 10?
62542
10276 (base 14) to base 16
9800
Convert 27275035 (base 8) to base 11.
3504700
-4352444 (base 6) to base 11
-139076
c36c76 (base 13) to base 15
600121
-110010111010101000010001 (base 2) to base 16
-cbaa11
552113 (base 9) to base 6
11021533
What is -205cb7 (base 13) in base 12?
-305431
-97273 (base 15) to base 2
-1110101001001000000
What is -10201110111 (base 3) in base 7?
-423343
Convert 927147 (base 11) to base 8.
5532546
What is -170603 (base 13) in base 2?
-10001011101101001101
-66a91 (base 11) to base 5
-11102032
Convert 132011210 (base 6) to base 7.
31135641
6b884b (base 13) to base 12
a36020
What is -91620 (base 12) in base 5?
-22023430
2b42a3 (base 16) to base 2
1010110100001010100011
Convert -565990 (base 10) to base